{"id":59,"date":"2018-03-20T19:41:51","date_gmt":"2018-03-20T18:41:51","guid":{"rendered":"https:\/\/www.hubert-distler.de\/?page_id=59"},"modified":"2019-01-03T13:02:25","modified_gmt":"2019-01-03T12:02:25","slug":"literatur","status":"publish","type":"page","link":"https:\/\/www.hubert-distler.de\/index.php\/literatur\/","title":{"rendered":"Literatur"},"content":{"rendered":"<h1>Literaturverzeichnis<\/h1>\n<p>Folgende Werke enthalten weiterf\u00fchrende Texte und Bilder zu Hubert Distlers Arbeiten:<\/p>\n<table>\n<tbody>\n<tr>\n<td style=\"width: 20%;\"><img loading=\"lazy\" decoding=\"async\" class=\"alignleft wp-image-428\" src=\"http:\/\/test.hubertdistler.de\/wp-content\/uploads\/2018\/10\/IMG_3204-207x300.jpg\" alt=\"K\u00fcnstler zwischen den Zeiten - Hubert Distler\" width=\"150\" height=\"218\" srcset=\"https:\/\/www.hubert-distler.de\/wp-content\/uploads\/2018\/10\/IMG_3204-207x300.jpg 207w, https:\/\/www.hubert-distler.de\/wp-content\/uploads\/2018\/10\/IMG_3204-768x1115.jpg 768w, https:\/\/www.hubert-distler.de\/wp-content\/uploads\/2018\/10\/IMG_3204-705x1024.jpg 705w, https:\/\/www.hubert-distler.de\/wp-content\/uploads\/2018\/10\/IMG_3204.jpg 1030w\" sizes=\"auto, (max-width: 150px) 100vw, 150px\" \/><\/td>\n<td><strong>Jansen-Winkeln, Annette<\/strong>, K\u00fcnstler zwischen den Zeiten &#8211; Hubert Distler, Wissenschaftsverlag f\u00fcr Glasmalerei, Eitorf 2002.<\/p>\n<p><strong>ISBN<\/strong>: 3-932623-12-6<\/td>\n<\/tr>\n<tr>\n<td><img loading=\"lazy\" decoding=\"async\" class=\"alignleft wp-image-435\" src=\"http:\/\/test.hubertdistler.de\/wp-content\/uploads\/2018\/10\/IMG_3198.jpg\" alt=\"Ann\u00e4herung - Die sch\u00f6nen K\u00fcnste und die Evang.-Luth. Kirche in Bayern Heft 1 1994\" width=\"150\" height=\"212\" srcset=\"https:\/\/www.hubert-distler.de\/wp-content\/uploads\/2018\/10\/IMG_3198.jpg 1038w, https:\/\/www.hubert-distler.de\/wp-content\/uploads\/2018\/10\/IMG_3198-212x300.jpg 212w, https:\/\/www.hubert-distler.de\/wp-content\/uploads\/2018\/10\/IMG_3198-768x1088.jpg 768w, https:\/\/www.hubert-distler.de\/wp-content\/uploads\/2018\/10\/IMG_3198-723x1024.jpg 723w\" sizes=\"auto, (max-width: 150px) 100vw, 150px\" \/><\/td>\n<td><strong>Hildmann, Andreas (Hrsg.)<\/strong>, Der Maler Hubert Distler in: Ann\u00e4herung &#8211; Die sch\u00f6nen K\u00fcnste und die Evang.-Luth. Kirche in Bayern (Heft 1), M\u00fcnchen 1994.<\/td>\n<\/tr>\n<tr>\n<td><img loading=\"lazy\" decoding=\"async\" class=\"alignleft wp-image-427\" src=\"http:\/\/test.hubertdistler.de\/wp-content\/uploads\/2018\/10\/IMG_3226.jpg\" alt=\"Hubert Distler - Malerei und Graphik\" width=\"150\" height=\"195\" srcset=\"https:\/\/www.hubert-distler.de\/wp-content\/uploads\/2018\/10\/IMG_3226.jpg 1094w, https:\/\/www.hubert-distler.de\/wp-content\/uploads\/2018\/10\/IMG_3226-230x300.jpg 230w, https:\/\/www.hubert-distler.de\/wp-content\/uploads\/2018\/10\/IMG_3226-768x1000.jpg 768w, https:\/\/www.hubert-distler.de\/wp-content\/uploads\/2018\/10\/IMG_3226-786x1024.jpg 786w\" sizes=\"auto, (max-width: 150px) 100vw, 150px\" \/><\/td>\n<td><strong>Landeskirchenrat der Evangelisch-Lutherischen Kirche in Bayern (Hrsg.)<\/strong>, Bernhard Bach (Redaktion), Hubert Distler Malerei und Grafik (Publikation zur ersten Verleihung des Kunstpreises der Evang.-Luth. Kirche Bayern), M\u00fcnchen 1980.<\/td>\n<\/tr>\n<tr>\n<td><img loading=\"lazy\" decoding=\"async\" class=\"alignleft wp-image-431\" src=\"http:\/\/test.hubertdistler.de\/wp-content\/uploads\/2018\/10\/IMG_3229.jpg\" alt=\"Olaf Andreas Gulbransson (1916-1961) Kirchenbauten in Bayern\" width=\"150\" height=\"212\" srcset=\"https:\/\/www.hubert-distler.de\/wp-content\/uploads\/2018\/10\/IMG_3229.jpg 1023w, https:\/\/www.hubert-distler.de\/wp-content\/uploads\/2018\/10\/IMG_3229-212x300.jpg 212w, https:\/\/www.hubert-distler.de\/wp-content\/uploads\/2018\/10\/IMG_3229-768x1088.jpg 768w, https:\/\/www.hubert-distler.de\/wp-content\/uploads\/2018\/10\/IMG_3229-723x1024.jpg 723w\" sizes=\"auto, (max-width: 150px) 100vw, 150px\" \/><\/td>\n<td><strong>Stalla, Robert (Hrsg.)<\/strong>, Olaf Andreas Gulbransson (1916-1961) Kirchenbauten in Bayern, Deutscher Kunstverlag, M\u00fcnchen Berlin 2007.<\/p>\n<p><strong>ISBN<\/strong>: 978-3-422-03096-1<\/td>\n<\/tr>\n<tr>\n<td><img loading=\"lazy\" decoding=\"async\" class=\"alignleft wp-image-430\" src=\"http:\/\/test.hubertdistler.de\/wp-content\/uploads\/2018\/10\/IMG_3228.jpg\" alt=\"Kleine Kirchen von Franz Lichtblau\" width=\"150\" height=\"165\" srcset=\"https:\/\/www.hubert-distler.de\/wp-content\/uploads\/2018\/10\/IMG_3228.jpg 1053w, https:\/\/www.hubert-distler.de\/wp-content\/uploads\/2018\/10\/IMG_3228-273x300.jpg 273w, https:\/\/www.hubert-distler.de\/wp-content\/uploads\/2018\/10\/IMG_3228-768x845.jpg 768w, https:\/\/www.hubert-distler.de\/wp-content\/uploads\/2018\/10\/IMG_3228-931x1024.jpg 931w\" sizes=\"auto, (max-width: 150px) 100vw, 150px\" \/><\/td>\n<td><strong>Hildmann, Andreas (Hrsg.)<\/strong>, Kleine Kirchen von Franz Lichtblau, Kunstverlag Josef Fink, Lindenberg im Allg\u00e4u 2013.<\/p>\n<p><strong>ISBN<\/strong>: 978-3-89870-832-6<\/td>\n<\/tr>\n<tr>\n<td><img loading=\"lazy\" decoding=\"async\" class=\"alignleft wp-image-429\" src=\"http:\/\/test.hubertdistler.de\/wp-content\/uploads\/2018\/10\/IMG_3227.jpg\" alt=\"Amperland Heft 4 2006\" width=\"150\" height=\"215\" srcset=\"https:\/\/www.hubert-distler.de\/wp-content\/uploads\/2018\/10\/IMG_3227.jpg 1033w, https:\/\/www.hubert-distler.de\/wp-content\/uploads\/2018\/10\/IMG_3227-209x300.jpg 209w, https:\/\/www.hubert-distler.de\/wp-content\/uploads\/2018\/10\/IMG_3227-768x1103.jpg 768w, https:\/\/www.hubert-distler.de\/wp-content\/uploads\/2018\/10\/IMG_3227-713x1024.jpg 713w\" sizes=\"auto, (max-width: 150px) 100vw, 150px\" \/><\/td>\n<td><strong>Dr. Altmann, Lothar<\/strong>, Hubert Distler (1919-2004) und seine Werke im Amperland, in: Amperland (Heft 4), Dachau 2006.<\/td>\n<\/tr>\n<tr>\n<td><img loading=\"lazy\" decoding=\"async\" class=\"alignleft wp-image-426\" src=\"http:\/\/test.hubertdistler.de\/wp-content\/uploads\/2018\/10\/IMG_3224.jpg\" alt=\"Da ber\u00fchren sich Himmel und Erde\" width=\"150\" height=\"223\" srcset=\"https:\/\/www.hubert-distler.de\/wp-content\/uploads\/2018\/10\/IMG_3224.jpg 942w, https:\/\/www.hubert-distler.de\/wp-content\/uploads\/2018\/10\/IMG_3224-202x300.jpg 202w, https:\/\/www.hubert-distler.de\/wp-content\/uploads\/2018\/10\/IMG_3224-768x1143.jpg 768w, https:\/\/www.hubert-distler.de\/wp-content\/uploads\/2018\/10\/IMG_3224-688x1024.jpg 688w\" sizes=\"auto, (max-width: 150px) 100vw, 150px\" \/><\/td>\n<td><strong>Wich, Franz<\/strong>, Da ber\u00fchren sich Himmel und Erde &#8211; Der Fries von Hubert Distler in der Michael-Kirche Grafrath, Grafrath 2014.<\/td>\n<\/tr>\n<tr>\n<td><img loading=\"lazy\" decoding=\"async\" class=\"wp-image-473 alignleft\" src=\"http:\/\/test.hubertdistler.de\/wp-content\/uploads\/2018\/12\/IMG_0065-205x300.png\" alt=\"Evangelischer Kirchenbau in Bayern Hans-Peter H\u00fcbner und Helmut Braun\" width=\"150\" height=\"219\" srcset=\"https:\/\/www.hubert-distler.de\/wp-content\/uploads\/2018\/12\/IMG_0065-205x300.png 205w, https:\/\/www.hubert-distler.de\/wp-content\/uploads\/2018\/12\/IMG_0065-768x1123.png 768w, https:\/\/www.hubert-distler.de\/wp-content\/uploads\/2018\/12\/IMG_0065-700x1024.png 700w\" sizes=\"auto, (max-width: 150px) 100vw, 150px\" \/><\/td>\n<td><strong>H\u00fcbner, Hans-Peter und Braun, Helmut (Hrsg.)<\/strong>, Evangelischer Kirchenbau in Bayern seit 1945, Deutscher Kunstverlag Berlin M\u00fcnchen 2010.<\/p>\n<p><strong>ISBN<\/strong>: 978-3-422-06953-4<\/td>\n<\/tr>\n<\/tbody>\n<\/table>\n","protected":false},"excerpt":{"rendered":"<p>Literaturverzeichnis Folgende Werke enthalten weiterf\u00fchrende Texte und Bilder zu Hubert Distlers Arbeiten: Jansen-Winkeln, Annette, K\u00fcnstler zwischen den Zeiten &#8211; Hubert Distler, Wissenschaftsverlag f\u00fcr Glasmalerei, Eitorf 2002. ISBN: 3-932623-12-6 Hildmann, Andreas (Hrsg.), Der Maler Hubert Distler in: Ann\u00e4herung &#8211; Die sch\u00f6nen K\u00fcnste und die Evang.-Luth. Kirche in Bayern (Heft 1), M\u00fcnchen 1994. Landeskirchenrat der Evangelisch-Lutherischen Kirche &hellip; <\/p>\n<p class=\"link-more\"><a href=\"https:\/\/www.hubert-distler.de\/index.php\/literatur\/\" class=\"more-link\"><span class=\"screen-reader-text\">\u201eLiteratur\u201c<\/span> weiterlesen<\/a><\/p>\n","protected":false},"author":1,"featured_media":0,"parent":0,"menu_order":0,"comment_status":"closed","ping_status":"closed","template":"","meta":{"footnotes":""},"class_list":["post-59","page","type-page","status-publish","hentry"],"_links":{"self":[{"href":"https:\/\/www.hubert-distler.de\/index.php\/wp-json\/wp\/v2\/pages\/59","targetHints":{"allow":["GET"]}}],"collection":[{"href":"https:\/\/www.hubert-distler.de\/index.php\/wp-json\/wp\/v2\/pages"}],"about":[{"href":"https:\/\/www.hubert-distler.de\/index.php\/wp-json\/wp\/v2\/types\/page"}],"author":[{"embeddable":true,"href":"https:\/\/www.hubert-distler.de\/index.php\/wp-json\/wp\/v2\/users\/1"}],"replies":[{"embeddable":true,"href":"https:\/\/www.hubert-distler.de\/index.php\/wp-json\/wp\/v2\/comments?post=59"}],"version-history":[{"count":30,"href":"https:\/\/www.hubert-distler.de\/index.php\/wp-json\/wp\/v2\/pages\/59\/revisions"}],"predecessor-version":[{"id":486,"href":"https:\/\/www.hubert-distler.de\/index.php\/wp-json\/wp\/v2\/pages\/59\/revisions\/486"}],"wp:attachment":[{"href":"https:\/\/www.hubert-distler.de\/index.php\/wp-json\/wp\/v2\/media?parent=59"}],"curies":[{"name":"wp","href":"https:\/\/api.w.org\/{rel}","templated":true}]}}

<h1>Literaturverzeichnis</h1>
<p>Folgende Werke enthalten weiterführende Texte und Bilder zu Hubert Distlers Arbeiten:</p>
<table>
<tbody>
<tr>
<td style="width: 20%;"><img loading="lazy" decoding="async" class="alignleft wp-image-428" src="http://test.hubertdistler.de/wp-content/uploads/2018/10/IMG_3204-207x300.jpg" alt="Künstler zwischen den Zeiten - Hubert Distler" width="150" height="218" srcset="https://www.hubert-distler.de/wp-content/uploads/2018/10/IMG_3204-207x300.jpg 207w, https://www.hubert-distler.de/wp-content/uploads/2018/10/IMG_3204-768x1115.jpg 768w, https://www.hubert-distler.de/wp-content/uploads/2018/10/IMG_3204-705x1024.jpg 705w, https://www.hubert-distler.de/wp-content/uploads/2018/10/IMG_3204.jpg 1030w" sizes="auto, (max-width: 150px) 100vw, 150px" /></td>
<td><strong>Jansen-Winkeln, Annette</strong>, Künstler zwischen den Zeiten &#8211; Hubert Distler, Wissenschaftsverlag für Glasmalerei, Eitorf 2002.</p>
<p><strong>ISBN</strong>: 3-932623-12-6</td>
</tr>
<tr>
<td><img loading="lazy" decoding="async" class="alignleft wp-image-435" src="http://test.hubertdistler.de/wp-content/uploads/2018/10/IMG_3198.jpg" alt="Annäherung - Die schönen Künste und die Evang.-Luth. Kirche in Bayern Heft 1 1994" width="150" height="212" srcset="https://www.hubert-distler.de/wp-content/uploads/2018/10/IMG_3198.jpg 1038w, https://www.hubert-distler.de/wp-content/uploads/2018/10/IMG_3198-212x300.jpg 212w, https://www.hubert-distler.de/wp-content/uploads/2018/10/IMG_3198-768x1088.jpg 768w, https://www.hubert-distler.de/wp-content/uploads/2018/10/IMG_3198-723x1024.jpg 723w" sizes="auto, (max-width: 150px) 100vw, 150px" /></td>
<td><strong>Hildmann, Andreas (Hrsg.)</strong>, Der Maler Hubert Distler in: Annäherung &#8211; Die schönen Künste und die Evang.-Luth. Kirche in Bayern (Heft 1), München 1994.</td>
</tr>
<tr>
<td><img loading="lazy" decoding="async" class="alignleft wp-image-427" src="http://test.hubertdistler.de/wp-content/uploads/2018/10/IMG_3226.jpg" alt="Hubert Distler - Malerei und Graphik" width="150" height="195" srcset="https://www.hubert-distler.de/wp-content/uploads/2018/10/IMG_3226.jpg 1094w, https://www.hubert-distler.de/wp-content/uploads/2018/10/IMG_3226-230x300.jpg 230w, https://www.hubert-distler.de/wp-content/uploads/2018/10/IMG_3226-768x1000.jpg 768w, https://www.hubert-distler.de/wp-content/uploads/2018/10/IMG_3226-786x1024.jpg 786w" sizes="auto, (max-width: 150px) 100vw, 150px" /></td>
<td><strong>Landeskirchenrat der Evangelisch-Lutherischen Kirche in Bayern (Hrsg.)</strong>, Bernhard Bach (Redaktion), Hubert Distler Malerei und Grafik (Publikation zur ersten Verleihung des Kunstpreises der Evang.-Luth. Kirche Bayern), München 1980.</td>
</tr>
<tr>
<td><img loading="lazy" decoding="async" class="alignleft wp-image-431" src="http://test.hubertdistler.de/wp-content/uploads/2018/10/IMG_3229.jpg" alt="Olaf Andreas Gulbransson (1916-1961) Kirchenbauten in Bayern" width="150" height="212" srcset="https://www.hubert-distler.de/wp-content/uploads/2018/10/IMG_3229.jpg 1023w, https://www.hubert-distler.de/wp-content/uploads/2018/10/IMG_3229-212x300.jpg 212w, https://www.hubert-distler.de/wp-content/uploads/2018/10/IMG_3229-768x1088.jpg 768w, https://www.hubert-distler.de/wp-content/uploads/2018/10/IMG_3229-723x1024.jpg 723w" sizes="auto, (max-width: 150px) 100vw, 150px" /></td>
<td><strong>Stalla, Robert (Hrsg.)</strong>, Olaf Andreas Gulbransson (1916-1961) Kirchenbauten in Bayern, Deutscher Kunstverlag, München Berlin 2007.</p>
<p><strong>ISBN</strong>: 978-3-422-03096-1</td>
</tr>
<tr>
<td><img loading="lazy" decoding="async" class="alignleft wp-image-430" src="http://test.hubertdistler.de/wp-content/uploads/2018/10/IMG_3228.jpg" alt="Kleine Kirchen von Franz Lichtblau" width="150" height="165" srcset="https://www.hubert-distler.de/wp-content/uploads/2018/10/IMG_3228.jpg 1053w, https://www.hubert-distler.de/wp-content/uploads/2018/10/IMG_3228-273x300.jpg 273w, https://www.hubert-distler.de/wp-content/uploads/2018/10/IMG_3228-768x845.jpg 768w, https://www.hubert-distler.de/wp-content/uploads/2018/10/IMG_3228-931x1024.jpg 931w" sizes="auto, (max-width: 150px) 100vw, 150px" /></td>
<td><strong>Hildmann, Andreas (Hrsg.)</strong>, Kleine Kirchen von Franz Lichtblau, Kunstverlag Josef Fink, Lindenberg im Allgäu 2013.</p>
<p><strong>ISBN</strong>: 978-3-89870-832-6</td>
</tr>
<tr>
<td><img loading="lazy" decoding="async" class="alignleft wp-image-429" src="http://test.hubertdistler.de/wp-content/uploads/2018/10/IMG_3227.jpg" alt="Amperland Heft 4 2006" width="150" height="215" srcset="https://www.hubert-distler.de/wp-content/uploads/2018/10/IMG_3227.jpg 1033w, https://www.hubert-distler.de/wp-content/uploads/2018/10/IMG_3227-209x300.jpg 209w, https://www.hubert-distler.de/wp-content/uploads/2018/10/IMG_3227-768x1103.jpg 768w, https://www.hubert-distler.de/wp-content/uploads/2018/10/IMG_3227-713x1024.jpg 713w" sizes="auto, (max-width: 150px) 100vw, 150px" /></td>
<td><strong>Dr. Altmann, Lothar</strong>, Hubert Distler (1919-2004) und seine Werke im Amperland, in: Amperland (Heft 4), Dachau 2006.</td>
</tr>
<tr>
<td><img loading="lazy" decoding="async" class="alignleft wp-image-426" src="http://test.hubertdistler.de/wp-content/uploads/2018/10/IMG_3224.jpg" alt="Da berühren sich Himmel und Erde" width="150" height="223" srcset="https://www.hubert-distler.de/wp-content/uploads/2018/10/IMG_3224.jpg 942w, https://www.hubert-distler.de/wp-content/uploads/2018/10/IMG_3224-202x300.jpg 202w, https://www.hubert-distler.de/wp-content/uploads/2018/10/IMG_3224-768x1143.jpg 768w, https://www.hubert-distler.de/wp-content/uploads/2018/10/IMG_3224-688x1024.jpg 688w" sizes="auto, (max-width: 150px) 100vw, 150px" /></td>
<td><strong>Wich, Franz</strong>, Da berühren sich Himmel und Erde &#8211; Der Fries von Hubert Distler in der Michael-Kirche Grafrath, Grafrath 2014.</td>
</tr>
<tr>
<td><img loading="lazy" decoding="async" class="wp-image-473 alignleft" src="http://test.hubertdistler.de/wp-content/uploads/2018/12/IMG_0065-205x300.png" alt="Evangelischer Kirchenbau in Bayern Hans-Peter Hübner und Helmut Braun" width="150" height="219" srcset="https://www.hubert-distler.de/wp-content/uploads/2018/12/IMG_0065-205x300.png 205w, https://www.hubert-distler.de/wp-content/uploads/2018/12/IMG_0065-768x1123.png 768w, https://www.hubert-distler.de/wp-content/uploads/2018/12/IMG_0065-700x1024.png 700w" sizes="auto, (max-width: 150px) 100vw, 150px" /></td>
<td><strong>Hübner, Hans-Peter und Braun, Helmut (Hrsg.)</strong>, Evangelischer Kirchenbau in Bayern seit 1945, Deutscher Kunstverlag Berlin München 2010.</p>
<p><strong>ISBN</strong>: 978-3-422-06953-4</td>
</tr>
</tbody>
</table>

<p>Literaturverzeichnis Folgende Werke enthalten weiterführende Texte und Bilder zu Hubert Distlers Arbeiten: Jansen-Winkeln, Annette, Künstler zwischen den Zeiten &#8211; Hubert Distler, Wissenschaftsverlag für Glasmalerei, Eitorf 2002. ISBN: 3-932623-12-6 Hildmann, Andreas (Hrsg.), Der Maler Hubert Distler in: Annäherung &#8211; Die schönen Künste und die Evang.-Luth. Kirche in Bayern (Heft 1), München 1994. Landeskirchenrat der Evangelisch-Lutherischen Kirche &hellip; </p>
<p class="link-more"><a href="https://www.hubert-distler.de/index.php/literatur/" class="more-link"><span class="screen-reader-text">„Literatur“</span> weiterlesen</a></p>
